{"id":6824,"date":"2018-07-23T11:27:10","date_gmt":"2018-07-23T09:27:10","guid":{"rendered":"https:\/\/www.vtl.de\/wp-content\/uploads\/2018\/07\/VTL_f_Azubis_BerufsinfoBIZ_2018.jpg"},"modified":"2019-07-30T11:21:38","modified_gmt":"2019-07-30T09:21:38","slug":"vtl_f_azubis_berufsinfobiz_2018-2","status":"inherit","type":"attachment","link":"https:\/\/www.vtl.de\/en\/?attachment_id=6824","title":{"rendered":"Ausbildungsb\u00f6rse 2018"},"author":3,"featured_media":0,"comment_status":"open","ping_status":"closed","template":"","meta":{"_acf_changed":false,"_links_to":"","_links_to_target":""},"class_list":["post-6824","attachment","type-attachment","status-inherit","hentry"],"acf":[],"yoast_head":"<!-- This site is optimized with the Yoast SEO plugin v27.3 - https:\/\/yoast.com\/product\/yoast-seo-wordpress\/ -->\n<title>Ausbildungsb\u00f6rse 2018<\/title>\n<meta name=\"robots\" content=\"index, follow, max-snippet:-1, max-image-preview:large, max-video-preview:-1\" \/>\n<link rel=\"canonical\" href=\"https:\/\/www.vtl.de\/wp-content\/uploads\/2018\/07\/VTL_f_Azubis_BerufsinfoBIZ_2018.jpg\" \/>\n<meta property=\"og:locale\" content=\"en_US\" \/>\n<meta property=\"og:type\" content=\"article\" \/>\n<meta property=\"og:title\" content=\"Ausbildungsb\u00f6rse 2018\" \/>\n<meta property=\"og:url\" content=\"https:\/\/www.vtl.de\/wp-content\/uploads\/2018\/07\/VTL_f_Azubis_BerufsinfoBIZ_2018.jpg\" \/>\n<meta property=\"og:site_name\" content=\"VTL\" \/>\n<meta property=\"article:modified_time\" content=\"2019-07-30T09:21:38+00:00\" \/>\n<meta property=\"og:image\" content=\"https:\/\/www.vtl.de\/wp-content\/uploads\/2018\/07\/VTL_f_Azubis_BerufsinfoBIZ_2018.jpg\" \/>\n\t<meta property=\"og:image:width\" content=\"1519\" \/>\n\t<meta property=\"og:image:height\" content=\"1307\" \/>\n\t<meta property=\"og:image:type\" content=\"image\/jpeg\" \/>\n<script type=\"application\/ld+json\" class=\"yoast-schema-graph\">{\"@context\":\"https:\\\/\\\/schema.org\",\"@graph\":[{\"@type\":\"WebPage\",\"@id\":\"https:\\\/\\\/www.vtl.de\\\/wp-content\\\/uploads\\\/2018\\\/07\\\/VTL_f_Azubis_BerufsinfoBIZ_2018.jpg\",\"url\":\"https:\\\/\\\/www.vtl.de\\\/wp-content\\\/uploads\\\/2018\\\/07\\\/VTL_f_Azubis_BerufsinfoBIZ_2018.jpg\",\"name\":\"Ausbildungsb\u00f6rse 2018\",\"isPartOf\":{\"@id\":\"https:\\\/\\\/www.vtl.de\\\/#website\"},\"datePublished\":\"2018-07-23T09:27:10+00:00\",\"dateModified\":\"2019-07-30T09:21:38+00:00\",\"breadcrumb\":{\"@id\":\"https:\\\/\\\/www.vtl.de\\\/wp-content\\\/uploads\\\/2018\\\/07\\\/VTL_f_Azubis_BerufsinfoBIZ_2018.jpg#breadcrumb\"},\"inLanguage\":\"en-US\",\"potentialAction\":[{\"@type\":\"ReadAction\",\"target\":[\"https:\\\/\\\/www.vtl.de\\\/wp-content\\\/uploads\\\/2018\\\/07\\\/VTL_f_Azubis_BerufsinfoBIZ_2018.jpg\"]}]},{\"@type\":\"BreadcrumbList\",\"@id\":\"https:\\\/\\\/www.vtl.de\\\/wp-content\\\/uploads\\\/2018\\\/07\\\/VTL_f_Azubis_BerufsinfoBIZ_2018.jpg#breadcrumb\",\"itemListElement\":[{\"@type\":\"ListItem\",\"position\":1,\"name\":\"Home\",\"item\":\"https:\\\/\\\/www.vtl.de\\\/en\\\/\"},{\"@type\":\"ListItem\",\"position\":2,\"name\":\"Berufsinformationsb\u00f6rse Arbeitsagentur 2018\",\"item\":\"https:\\\/\\\/www.vtl.de\\\/?azubiartikel=berufsinformationsboerse-arbeitsagentur-2018\"},{\"@type\":\"ListItem\",\"position\":3,\"name\":\"Ausbildungsb\u00f6rse 2018\"}]},{\"@type\":\"WebSite\",\"@id\":\"https:\\\/\\\/www.vtl.de\\\/#website\",\"url\":\"https:\\\/\\\/www.vtl.de\\\/\",\"name\":\"VTL\",\"description\":\"\",\"potentialAction\":[{\"@type\":\"SearchAction\",\"target\":{\"@type\":\"EntryPoint\",\"urlTemplate\":\"https:\\\/\\\/www.vtl.de\\\/?s={search_term_string}\"},\"query-input\":{\"@type\":\"PropertyValueSpecification\",\"valueRequired\":true,\"valueName\":\"search_term_string\"}}],\"inLanguage\":\"en-US\"}]}<\/script>\n<!-- \/ Yoast SEO plugin. -->","yoast_head_json":{"title":"Ausbildungsb\u00f6rse 2018","robots":{"index":"index","follow":"follow","max-snippet":"max-snippet:-1","max-image-preview":"max-image-preview:large","max-video-preview":"max-video-preview:-1"},"canonical":"https:\/\/www.vtl.de\/wp-content\/uploads\/2018\/07\/VTL_f_Azubis_BerufsinfoBIZ_2018.jpg","og_locale":"en_US","og_type":"article","og_title":"Ausbildungsb\u00f6rse 2018","og_url":"https:\/\/www.vtl.de\/wp-content\/uploads\/2018\/07\/VTL_f_Azubis_BerufsinfoBIZ_2018.jpg","og_site_name":"VTL","article_modified_time":"2019-07-30T09:21:38+00:00","og_image":[{"width":1519,"height":1307,"url":"https:\/\/www.vtl.de\/wp-content\/uploads\/2018\/07\/VTL_f_Azubis_BerufsinfoBIZ_2018.jpg","type":"image\/jpeg"}],"schema":{"@context":"https:\/\/schema.org","@graph":[{"@type":"WebPage","@id":"https:\/\/www.vtl.de\/wp-content\/uploads\/2018\/07\/VTL_f_Azubis_BerufsinfoBIZ_2018.jpg","url":"https:\/\/www.vtl.de\/wp-content\/uploads\/2018\/07\/VTL_f_Azubis_BerufsinfoBIZ_2018.jpg","name":"Ausbildungsb\u00f6rse 2018","isPartOf":{"@id":"https:\/\/www.vtl.de\/#website"},"datePublished":"2018-07-23T09:27:10+00:00","dateModified":"2019-07-30T09:21:38+00:00","breadcrumb":{"@id":"https:\/\/www.vtl.de\/wp-content\/uploads\/2018\/07\/VTL_f_Azubis_BerufsinfoBIZ_2018.jpg#breadcrumb"},"inLanguage":"en-US","potentialAction":[{"@type":"ReadAction","target":["https:\/\/www.vtl.de\/wp-content\/uploads\/2018\/07\/VTL_f_Azubis_BerufsinfoBIZ_2018.jpg"]}]},{"@type":"BreadcrumbList","@id":"https:\/\/www.vtl.de\/wp-content\/uploads\/2018\/07\/VTL_f_Azubis_BerufsinfoBIZ_2018.jpg#breadcrumb","itemListElement":[{"@type":"ListItem","position":1,"name":"Home","item":"https:\/\/www.vtl.de\/en\/"},{"@type":"ListItem","position":2,"name":"Berufsinformationsb\u00f6rse Arbeitsagentur 2018","item":"https:\/\/www.vtl.de\/?azubiartikel=berufsinformationsboerse-arbeitsagentur-2018"},{"@type":"ListItem","position":3,"name":"Ausbildungsb\u00f6rse 2018"}]},{"@type":"WebSite","@id":"https:\/\/www.vtl.de\/#website","url":"https:\/\/www.vtl.de\/","name":"VTL","description":"","potentialAction":[{"@type":"SearchAction","target":{"@type":"EntryPoint","urlTemplate":"https:\/\/www.vtl.de\/?s={search_term_string}"},"query-input":{"@type":"PropertyValueSpecification","valueRequired":true,"valueName":"search_term_string"}}],"inLanguage":"en-US"}]}},"description":{"rendered":"<p class=\"attachment\"><a href='https:\/\/www.vtl.de\/wp-content\/uploads\/2018\/07\/VTL_f_Azubis_BerufsinfoBIZ_2018.jpg'><img loading=\"lazy\" decoding=\"async\" width=\"300\" height=\"258\" src=\"https:\/\/www.vtl.de\/wp-content\/uploads\/2018\/07\/VTL_f_Azubis_BerufsinfoBIZ_2018-300x258.jpg\" class=\"attachment-medium size-medium\" alt=\"VTL pr\u00e4sentiert St\u00fcckgutkooperation und Ausbildungsm\u00f6glichkeiten\" srcset=\"https:\/\/www.vtl.de\/wp-content\/uploads\/2018\/07\/VTL_f_Azubis_BerufsinfoBIZ_2018-300x258.jpg 300w, https:\/\/www.vtl.de\/wp-content\/uploads\/2018\/07\/VTL_f_Azubis_BerufsinfoBIZ_2018-768x661.jpg 768w, https:\/\/www.vtl.de\/wp-content\/uploads\/2018\/07\/VTL_f_Azubis_BerufsinfoBIZ_2018-1024x881.jpg 1024w, https:\/\/www.vtl.de\/wp-content\/uploads\/2018\/07\/VTL_f_Azubis_BerufsinfoBIZ_2018-400x344.jpg 400w, https:\/\/www.vtl.de\/wp-content\/uploads\/2018\/07\/VTL_f_Azubis_BerufsinfoBIZ_2018-600x516.jpg 600w, https:\/\/www.vtl.de\/wp-content\/uploads\/2018\/07\/VTL_f_Azubis_BerufsinfoBIZ_2018-800x688.jpg 800w, https:\/\/www.vtl.de\/wp-content\/uploads\/2018\/07\/VTL_f_Azubis_BerufsinfoBIZ_2018-1000x860.jpg 1000w, https:\/\/www.vtl.de\/wp-content\/uploads\/2018\/07\/VTL_f_Azubis_BerufsinfoBIZ_2018.jpg 1519w\" sizes=\"auto, (max-width: 300px) 100vw, 300px\" \/><\/a><\/p>\n"},"caption":{"rendered":""},"alt_text":"VTL pr\u00e4sentiert St\u00fcckgutkooperation und Ausbildungsm\u00f6glichkeiten","media_type":"image","mime_type":"image\/jpeg","media_details":{"width":1519,"height":1307,"file":"2018\/07\/VTL_f_Azubis_BerufsinfoBIZ_2018.jpg","sizes":{"thumbnail":{"file":"VTL_f_Azubis_BerufsinfoBIZ_2018-150x150.jpg","width":150,"height":150,"mime_type":"image\/jpeg","source_url":"https:\/\/www.vtl.de\/wp-content\/uploads\/2018\/07\/VTL_f_Azubis_BerufsinfoBIZ_2018-150x150.jpg"},"medium":{"file":"VTL_f_Azubis_BerufsinfoBIZ_2018-300x258.jpg","width":300,"height":258,"mime_type":"image\/jpeg","source_url":"https:\/\/www.vtl.de\/wp-content\/uploads\/2018\/07\/VTL_f_Azubis_BerufsinfoBIZ_2018-300x258.jpg"},"medium_large":{"file":"VTL_f_Azubis_BerufsinfoBIZ_2018-768x661.jpg","width":768,"height":661,"mime_type":"image\/jpeg","source_url":"https:\/\/www.vtl.de\/wp-content\/uploads\/2018\/07\/VTL_f_Azubis_BerufsinfoBIZ_2018-768x661.jpg"},"large":{"file":"VTL_f_Azubis_BerufsinfoBIZ_2018-1024x881.jpg","width":1024,"height":881,"mime_type":"image\/jpeg","source_url":"https:\/\/www.vtl.de\/wp-content\/uploads\/2018\/07\/VTL_f_Azubis_BerufsinfoBIZ_2018-1024x881.jpg"},"slider-full":{"file":"VTL_f_Azubis_BerufsinfoBIZ_2018-1200x328.jpg","width":1200,"height":328,"mime_type":"image\/jpeg","source_url":"https:\/\/www.vtl.de\/wp-content\/uploads\/2018\/07\/VTL_f_Azubis_BerufsinfoBIZ_2018-1200x328.jpg"},"kd-big":{"file":"VTL_f_Azubis_BerufsinfoBIZ_2018-400x344.jpg","width":400,"height":344,"mime_type":"image\/jpeg","source_url":"https:\/\/www.vtl.de\/wp-content\/uploads\/2018\/07\/VTL_f_Azubis_BerufsinfoBIZ_2018-400x344.jpg"},"responsive-smaller":{"file":"VTL_f_Azubis_BerufsinfoBIZ_2018-400x344.jpg","width":400,"height":344,"mime_type":"image\/jpeg","source_url":"https:\/\/www.vtl.de\/wp-content\/uploads\/2018\/07\/VTL_f_Azubis_BerufsinfoBIZ_2018-400x344.jpg"},"responsive-small":{"file":"VTL_f_Azubis_BerufsinfoBIZ_2018-600x516.jpg","width":600,"height":516,"mime_type":"image\/jpeg","source_url":"https:\/\/www.vtl.de\/wp-content\/uploads\/2018\/07\/VTL_f_Azubis_BerufsinfoBIZ_2018-600x516.jpg"},"responsive-medium":{"file":"VTL_f_Azubis_BerufsinfoBIZ_2018-800x688.jpg","width":800,"height":688,"mime_type":"image\/jpeg","source_url":"https:\/\/www.vtl.de\/wp-content\/uploads\/2018\/07\/VTL_f_Azubis_BerufsinfoBIZ_2018-800x688.jpg"},"responsive-big":{"file":"VTL_f_Azubis_BerufsinfoBIZ_2018-1000x860.jpg","width":1000,"height":860,"mime_type":"image\/jpeg","source_url":"https:\/\/www.vtl.de\/wp-content\/uploads\/2018\/07\/VTL_f_Azubis_BerufsinfoBIZ_2018-1000x860.jpg"},"full":{"file":"VTL_f_Azubis_BerufsinfoBIZ_2018.jpg","width":1519,"height":1307,"mime_type":"image\/jpeg","source_url":"https:\/\/www.vtl.de\/wp-content\/uploads\/2018\/07\/VTL_f_Azubis_BerufsinfoBIZ_2018.jpg"}},"image_meta":{"aperture":"3.5","credit":"Picasa","camera":"Canon PowerShot SX260 HS","caption":"","created_timestamp":"1528897190","copyright":"","focal_length":"4.5","iso":"400","shutter_speed":"0.066666666666667","title":"","orientation":"0","keywords":[]}},"post":4864,"source_url":"https:\/\/www.vtl.de\/wp-content\/uploads\/2018\/07\/VTL_f_Azubis_BerufsinfoBIZ_2018.jpg","_links":{"self":[{"href":"https:\/\/www.vtl.de\/en\/wp-json\/wp\/v2\/media\/6824","targetHints":{"allow":["GET"]}}],"collection":[{"href":"https:\/\/www.vtl.de\/en\/wp-json\/wp\/v2\/media"}],"about":[{"href":"https:\/\/www.vtl.de\/en\/wp-json\/wp\/v2\/types\/attachment"}],"author":[{"embeddable":true,"href":"https:\/\/www.vtl.de\/en\/wp-json\/wp\/v2\/users\/3"}],"replies":[{"embeddable":true,"href":"https:\/\/www.vtl.de\/en\/wp-json\/wp\/v2\/comments?post=6824"}],"wp:attached-to":[{"embeddable":true,"post_type":"azubiartikel","id":4864,"href":"https:\/\/www.vtl.de\/en\/wp-json\/wp\/v2\/azubiartikel\/4864"}],"curies":[{"name":"wp","href":"https:\/\/api.w.org\/{rel}","templated":true}]}}

Ausbildungsbörse 2018

<!-- This site is optimized with the Yoast SEO plugin v27.3 - https://yoast.com/product/yoast-seo-wordpress/ -->
<title>Ausbildungsbörse 2018</title>
<meta name="robots" content="index, follow, max-snippet:-1, max-image-preview:large, max-video-preview:-1" />
<link rel="canonical" href="https://www.vtl.de/wp-content/uploads/2018/07/VTL_f_Azubis_BerufsinfoBIZ_2018.jpg" />
<meta property="og:locale" content="en_US" />
<meta property="og:type" content="article" />
<meta property="og:title" content="Ausbildungsbörse 2018" />
<meta property="og:url" content="https://www.vtl.de/wp-content/uploads/2018/07/VTL_f_Azubis_BerufsinfoBIZ_2018.jpg" />
<meta property="og:site_name" content="VTL" />
<meta property="article:modified_time" content="2019-07-30T09:21:38+00:00" />
<meta property="og:image" content="https://www.vtl.de/wp-content/uploads/2018/07/VTL_f_Azubis_BerufsinfoBIZ_2018.jpg" />
	<meta property="og:image:width" content="1519" />
	<meta property="og:image:height" content="1307" />
	<meta property="og:image:type" content="image/jpeg" />
<script type="application/ld+json" class="yoast-schema-graph">{"@context":"https:\/\/schema.org","@graph":[{"@type":"WebPage","@id":"https:\/\/www.vtl.de\/wp-content\/uploads\/2018\/07\/VTL_f_Azubis_BerufsinfoBIZ_2018.jpg","url":"https:\/\/www.vtl.de\/wp-content\/uploads\/2018\/07\/VTL_f_Azubis_BerufsinfoBIZ_2018.jpg","name":"Ausbildungsbörse 2018","isPartOf":{"@id":"https:\/\/www.vtl.de\/#website"},"datePublished":"2018-07-23T09:27:10+00:00","dateModified":"2019-07-30T09:21:38+00:00","breadcrumb":{"@id":"https:\/\/www.vtl.de\/wp-content\/uploads\/2018\/07\/VTL_f_Azubis_BerufsinfoBIZ_2018.jpg#breadcrumb"},"inLanguage":"en-US","potentialAction":[{"@type":"ReadAction","target":["https:\/\/www.vtl.de\/wp-content\/uploads\/2018\/07\/VTL_f_Azubis_BerufsinfoBIZ_2018.jpg"]}]},{"@type":"BreadcrumbList","@id":"https:\/\/www.vtl.de\/wp-content\/uploads\/2018\/07\/VTL_f_Azubis_BerufsinfoBIZ_2018.jpg#breadcrumb","itemListElement":[{"@type":"ListItem","position":1,"name":"Home","item":"https:\/\/www.vtl.de\/en\/"},{"@type":"ListItem","position":2,"name":"Berufsinformationsbörse Arbeitsagentur 2018","item":"https:\/\/www.vtl.de\/?azubiartikel=berufsinformationsboerse-arbeitsagentur-2018"},{"@type":"ListItem","position":3,"name":"Ausbildungsbörse 2018"}]},{"@type":"WebSite","@id":"https:\/\/www.vtl.de\/#website","url":"https:\/\/www.vtl.de\/","name":"VTL","description":"","potentialAction":[{"@type":"SearchAction","target":{"@type":"EntryPoint","urlTemplate":"https:\/\/www.vtl.de\/?s={search_term_string}"},"query-input":{"@type":"PropertyValueSpecification","valueRequired":true,"valueName":"search_term_string"}}],"inLanguage":"en-US"}]}</script>
<!-- / Yoast SEO plugin. -->

Berufsinformationsbörse Arbeitsagentur 2018

<p class="attachment"><a href='https://www.vtl.de/wp-content/uploads/2018/07/VTL_f_Azubis_BerufsinfoBIZ_2018.jpg'><img loading="lazy" decoding="async" width="300" height="258" src="https://www.vtl.de/wp-content/uploads/2018/07/VTL_f_Azubis_BerufsinfoBIZ_2018-300x258.jpg" class="attachment-medium size-medium" alt="VTL präsentiert Stückgutkooperation und Ausbildungsmöglichkeiten" srcset="https://www.vtl.de/wp-content/uploads/2018/07/VTL_f_Azubis_BerufsinfoBIZ_2018-300x258.jpg 300w, https://www.vtl.de/wp-content/uploads/2018/07/VTL_f_Azubis_BerufsinfoBIZ_2018-768x661.jpg 768w, https://www.vtl.de/wp-content/uploads/2018/07/VTL_f_Azubis_BerufsinfoBIZ_2018-1024x881.jpg 1024w, https://www.vtl.de/wp-content/uploads/2018/07/VTL_f_Azubis_BerufsinfoBIZ_2018-400x344.jpg 400w, https://www.vtl.de/wp-content/uploads/2018/07/VTL_f_Azubis_BerufsinfoBIZ_2018-600x516.jpg 600w, https://www.vtl.de/wp-content/uploads/2018/07/VTL_f_Azubis_BerufsinfoBIZ_2018-800x688.jpg 800w, https://www.vtl.de/wp-content/uploads/2018/07/VTL_f_Azubis_BerufsinfoBIZ_2018-1000x860.jpg 1000w, https://www.vtl.de/wp-content/uploads/2018/07/VTL_f_Azubis_BerufsinfoBIZ_2018.jpg 1519w" sizes="auto, (max-width: 300px) 100vw, 300px" /></a></p>

VTL präsentiert Stückgutkooperation und Ausbildungsmöglichkeiten
